ppose -12 = -4*k - 2*k. Suppose u = k*c - 5*c + 55887, -4*c = -4*u - 74516. Is c a prime number?
False
Suppose 2*h - 4 = 0, -2*h = 5*a + h - 6481. Let b = a - 274. Suppose -342 = u - b. Is u a composite number?
True
Let y(i) = 166*i - 17. Let b(j) = -164*j + 17. Let t(n) = -5*b(n) - 4*y(n). Is t(10) a composite number?
False
Is ((-84)/(-210))/(6/2249445) a prime number?
False
Is 8263/2*((-140)/(-55) - 6/11) a composite number?
False
Suppose 4*q + 2*v - 4632 = 0, 3474 = 3*q + 2*v + v. Suppose -q = j - 15928. Suppose -9*m = m - j. Is m prime?
False
Suppose -2*n + 14796 = -5*j, -43506 = -5*n - 5*j - 6551. Is n a composite number?
False
Let j = -111 - -113. Let u be (4/(-6))/(j/6). Is (-759)/(6/u) + 0 a composite number?
True
Let f(m) = -m**2 + 7*m - 10. Let x be f(5). Suppose -5*g - 5648 + 318 = x. Let v = g + 2115. Is v composite?
False
Let j(o) = -o**2 + 3*o + 6. Let c be j(4). Suppose c*p - 5*h = 15594, -3*h + 16 = 4. Is p composite?
True
Suppose 251240 = 2*l - 0*l - 2*b, 0 = -l + 4*b + 125629. Is l prime?
True
Suppose -k + 2619 = 2*b, -25*b - 21 = -22*b. Is k a composite number?
False
Suppose -3*i - 12 = -6*i. Suppose 0 = -i*p - 2*g, -5*p - 4*g = -0*g. Suppose -a + 191 = -x - 396, p = a + 2*x - 587. Is a a composite number?
False
Let m = 94 - 91. Suppose 0 = -5*t + 2*o + 12711, 4*o = -2*t + m*o + 5088. Is t a prime number?
True
Let j(z) = -13136*z - 423. Is j(-7) composite?
False
Suppose 5*b - u = 1663389, 2*b + 54*u = 50*u + 665338. Is b a prime number?
False
Is 2*(-4)/40 + 20 + 11293308/90 a composite number?
True
Suppose 39 = -30*h + 33*h. Suppose 6*r - h*r = -49. Is r prime?
True
Let q(f) = -f**2 - 6*f + 1. Let m be q(-5). Let c(w) = -w**2 + 8*w - 12. Let j be c(m). Suppose 5*z - 398 + 43 = j. Is z prime?
True
Suppose -271868 - 21760 = -107*d + 95*d. Is d prime?
True
Let z = -18756 + 27368. Suppose a + z = 5*a. Is a composite?
False
Let a(d) = -3*d + 18. Let c be a(5). Suppose 3*l - 3278 = -5*q, -2669 = -5*l + c*q + 2851. Is l a prime number?
False
Let f(b) = -b + 20. Let t be f(9). Let g(h) = h**3 - 11*h**2 + h - 6. Let a be g(t). Is ((-1281)/(-15) + -2)*a prime?
False
Suppose 2*x - 7*z = -2*z - 14, 0 = 4*x - 3*z + 28. Let u(s) be the third derivative of -121*s**4/12 - 17*s**3/2 + 39*s**2. Is u(x) prime?
False
Is (-14)/7 - (0 + 1) - (-3752700)/75 composite?
False
Suppose 13*h + 144989 = 396981. Let d = -11825 + h. Is d a prime number?
True
Suppose 4*f - 61 = m, -2*m + 3*m = -5. Suppose 2*w = w - f. Is (-2)/(-1) + (63 - w) composite?
False
Let n = 862643 - 496116. Is n prime?
False
Suppose -3*m + 311832 = 19*y - 18*y, 5*y = 2*m - 207905. Is m a composite number?
True
Let l be (-634)/(-3) - (24/(-9))/(-2). Is 2/(-1 + l/206) prime?
True
Let o = 30 + -33. Is o/(201608/40324 - 5) prime?
False
Suppose -d = 155927 + 116817. Let m be (-22)/(-77) - d/14. Let j = -8831 + m. Is j composite?
False
Suppose 2415791 = 88*v - 385689. Is v prime?
False
Let d(z) = -194*z - 32*z + 10 + 1. Let s(p) = p**3 - p**2 - 2*p + 2. Let k be s(-2). Is d(k) a prime number?
True
Let k = -185 + -79. Let v = 805 + k. Is v a prime number?
True
Is 2/(-28) + (-54529398)/(-588) prime?
True
Let k(u) = -u**3 - 6*u**2 - u - 10. Suppose 3*h = 3*y + 2*h + 15, -15 = 3*y + 4*h. Let t be k(y). Is (-44420)/t + (-1)/6*-2 a prime number?
True
Let q(l) = -729*l - 1142. Is q(-19) composite?
True
Let o be (-4)/30 + -10 + 17806062/90. Suppose 22*d - o - 11319 = 0. Is d a prime number?
False
Let d(z) = 68154*z**2 - 15*z + 58. Is d(5) a composite number?
False
Let x(h) = 3*h**2 - 27*h + 2. Let o be x(11). Suppose -v + 1095 = -o. Is v a composite number?
False
Suppose 26*c + 30 = 21*c. Is (-19509)/c - 10/20 composite?
False
Let q = -11550 + 44959. Is q prime?
True
Suppose -2*g + 4*z + 6146 = 0, 82*z - 3088 = -g + 79*z. Is g a prime number?
True
Let h = 39 + -20. Let s(b) be the second derivative of 22*b**3/3 - 39*b**2/2 - 306*b. Is s(h) prime?
True
Is -2*128812/(-6)*(-39)/(-13) - -1 a prime number?
True
Let w = 35497 + -24031. Suppose 5*h = 2*i - w, 9879 = 4*i + 2*h - 13005. Is i a composite number?
True
Suppose -3*k + 5*b + 1073 + 376 = 0, 469 = k + 3*b. Suppose k = u - 1263. Is u composite?
False
Let q = -7705 - -29568. Is q prime?
True
Let g = 1031907 + -690484. Is g prime?
True
Let c(y) = -2*y**3 + 7*y**2 + 4*y - 6. Let h be c(4). Is -1*29126/h*3 composite?
False
Let k be (1*(-3 + 4))/((-1)/2). Let l = k + 4. Suppose -3*g + 152 = g + i, 5*i + 54 = l*g. Is g a prime number?
True
Suppose -18742 = 288*a - 290*a. Is a a prime number?
True
Suppose -5*q - 3*z = -97, -31 = -7*q + 4*q + 5*z. Let k be 0/(((-4)/(-2))/(-2)). Suppose k = -18*a + q*a + 413. Is a composite?
True
Let a be ((-183)/122)/(3/2). Is (-6*(-1)/18)/(a/(-8709)) a prime number?
True
Suppose -10*z - 4*z = -505790 - 42212. Is z a prime number?
False
Let z(l) = l**3 + 3*l + 787. Suppose 0*d = -d + 5*f, 4*d + 4*f = 48. Suppose 3*x = -d*x. Is z(x) prime?
True
Let o = 788685 - -21868. Is o a composite number?
False
Is (-2)/(-6)*12*11736788/112 prime?
True
Let y = -99 - -105. Let o(z) = 13*z**3 + 5*z**2 + 8*z - 3. Let g(d) = -12*d**3 - 6*d**2 - 9*d + 3. Let c(n) = y*g(n) + 7*o(n). Is c(2) prime?
True
Let h(g) = -4*g**2 - 35*g + 85. Let v(i) = 3*i**2 + 23*i - 57. Let x(t) = -5*h(t) - 7*v(t). Let n be x(11). Is 2/n - 14691/(-7) composite?
False
Let z(n) = -2*n**3 - 3*n**2 - n. Suppose 0 = 4*q - 4*k + 4, -3*k = -5*k - 2. Let a be z(q). Suppose a*p - 5104 = 1130. Is p a prime number?
True
Let b(x) = -85*x - 17. Let n(s) = 123*s + 4 + 24 + 5 + 46*s. Let y(f) = 9*b(f) + 4*n(f). Is y(-4) a prime number?
False
Let s be (168/(-15))/2 + (-2)/5. Let u = s + -2. Is 11 + u + (353 - (-2 - -3)) a composite number?
True
Suppose -5*b + 3*b = 0. Suppose 3*v = -b*v - 27. Is -1 - -502 - (11 + v) a composite number?
False
Let m(r) = -r**3 - 10*r**2 - r + 6. Let v be m(-10). Suppose -v*p + 22*p = 72. Let x(d) = -d**3 + 17*d**2 + 13*d - 13. Is x(p) prime?
True
Let v(y) = -25903*y - 49. Is v(-6) a prime number?
False
Let m = -1335 - -25592. Is m composite?
True
Let m be -3*7/(-49) + (-74)/(-7). Is (-4 - -1) + 5 + m*771 composite?
True
Is (-1 + 2)/(-8 + (-27105446)/(-1505858) + -10) prime?
True
Suppose 0 = -40*c + 45*c + 195. Let k be ((-13)/c)/(2*(-1)/(-24)). Is 24909/9 + k/(-6) prime?
True
Let u = -205 - -209. Suppose -b = b + 5*g - 3106, 0 = u*b - g - 6256. Is b composite?
True
Let f(d) = -138*d**3 - d**2 - 2*d - 19. Let r be f(8). Let o = r + 99452. Is o a composite number?
False
Suppose -3*t + 307261 = 4*q, -t + 236690 + 70565 = 4*q. Is q prime?
False
Let a = 66186 + -19967. Is a a composite number?
False
Let j = -676 - -679. Suppose 4*h = 3*h + x + 14969, -j*h + x + 44907 = 0. Is h prime?
True
Suppose -2*w + 14*p - 1738 = 18*p, -2587 = 3*w + p. Let r be (-10572)/7 - (-2)/7. Let z = w - r. Is z prime?
False
Let a(f) = 4*f**2 - 116*f - 39. Let h(s) = 7*s**2 - 232*s - 79. Let x(l) = 5*a(l) - 2*h(l). Is x(27) a prime number?
False
Let y = -790 - -155691. Is y prime?
False
Suppose -554*w + 553*w = -7938. Let p = 14557 - w. Is p a composite number?
False
Let y = 34614 + 32989. Is y composite?
True
Suppose -2*m - 692 + 666 = 0. Let b(u) = 29*u**2 + 38*u - 40. Is b(m) prime?
False
Let i = 172512 - 110323. Is i a composite number?
False
Is 29417700/208 + 7/4 a composite number?
True
Let r(b) = -22553*b + 1082. Is r(-9) a prime number?
True
Let r(g) = -6*g**2 - g + 1. Suppose 0 = -3*y + 2*i - 5, y = -y + 2*i - 6. Let j be r(y). Is 1208/j*6/(-4) a composite number?
True
Suppose 0 = -2*t - t + 15. Suppose -5*l - 51 = -3*w, w + t*l = l. Is (-1 - (-16)/w)/((-1)/(-111)) prime?
True
Let n be 2/4*6/1. Let u = -182 + 224. Suppose 0 = -2*s + 3*o + u, 5*o - n = -5*s + 52. Is s a prime number?
False
Let t = 4664 + 109085. Is t a prime number?
True
Is (-122 + 126)/((-4)/(-627059)) prime?
True
Let u = 7 + 65. Let n(s) = 30*s + 37. Let f be n(7). Let p = u + f. Is p a composite number?
True
Suppose -2*r = 4*u - 664338, 5*u - 5*r + 336579 - 1167039 = 0. Is u a composite number?
True
Suppose 0 = -c - 4*f + 9, -c - f = 2*f - 7. Is c*(-3 + 4)*(-3351)/(-3) prime?
True
Let j(m) = 132*m + 115. Suppose 2*p + 5 = 3*p, -5*r = 3*p - 100. Is j(r) composite?
True
Let i(t) = -t**3 - 6*t**2 - 3*t - 2. Let j be i(-5). Let x(y) be the third derivative of -y**6/40 + y**5/6 - 5*y**4/6 + 17*y*